(a) = -a**3 + 1. Let c(l) = l**3 + 5*l**2 + 5*l - 2. Let h(x) = c(x) + 2*s(x). Calculate h(6).
-6
Let m(h) = -6*h**3 + h**2 - 1. Let g be 2/(-4) + 3/6. Suppose g*r = 2*r. Suppose -i - 2*i + 3 = r. Calculate m(i).
-6
Let b(k) be the third derivative of -k**5/60 + k**4/12 + k**3/3 + k**2. Suppose 0*m - 3*m = 12. Let p(o) = o**2 + 4*o + 3. Let t be p(m). Determine b(t).
-1
Let k(o) = -2*o + 1. Suppose 0 = 4*d + m - 34, 5*d - 52 - 1 = 4*m. Suppose -11 - d = -4*a. Give k(a).
-9
Let k = -63 + 69. Let v(t) = -2*t + 2. What is v(k)?
-10
Let y(s) = -9*s + 15. Let q(w) = -4*w + 7. Let o(j) = 7*q(j) - 3*y(j). Determine o(4).
0
Let r(j) be the first derivative of 2*j**3/3 - j - 7. Give r(2).
7
Let r(n) = n + 2. Let m be ((-3)/2)/((-3)/48). Let x be m/14 - (-6)/21. Suppose x*y + 3 = -5. Give r(y).
-2
Let z(x) = -x**2 - 9*x + 11. Let w be z(-10). Let a(l) = -10*l**3 - 2*l + 1. Determine a(w).
-11
Let q(l) = -l**2 + 9. Let d(t) = -t + 2. Let w be d(2). Give q(w).
9
Suppose -s = -3*s + 10. Let a(f) = -11*f**2 + f - 2. Let q(x) = -7*x**2 + x - 1. Let c(z) = -5*a(z) + 8*q(z). What is c(s)?
-8
Let s(m) = m**3 - 6*m**2 - 6*m - 7. Let c(b) = b**2 + b - 23. Let n be c(5). Give s(n).
0
Let y(n) = 3*n - 6. Let p(u) = u. Let c(r) = -2*p(r) + y(r). Let m = -174 + 180. Determine c(m).
0
Let b be 1/(-7) - (-3 + (-105)/49). Let o(g) = g**2 - 5*g + 6. Determine o(b).
6
Let c(n) = -2*n - 1 + 2 - 2 - 2*n. Calculate c(-1).
3
Let v(z) = -6*z**3 - z**2 + 3. Let u(b) = -b**3 + 1. Let k(x) = -4*u(x) + v(x). What is k(-2)?
11
Let b be (-3)/((2/1)/(-8)). Suppose 2*p - b = -3*z, p + 18 = 3*z + 5*p. Let i(y) = 2*y**2 - y. What is i(z)?
6
Let z(c) = c**3 - 4*c**2 + 4*c + 4. Let h be z(4). Suppose 2*s = 6*s + h. Let j(m) = m + 3. Give j(s).
-2
Let p(c) = -41*c**2 - 9 + 18*c**2 + 7*c + 24*c**2. Calculate p(-8).
-1
Suppose 5*a + 4*k = -8 - 8, 0 = 4*a - k - 4. Let u = a - -1. Let n(r) be the first derivative of -r**2/2 - 2. Calculate n(u).
-1
Let y(z) = 127 - z**2 + 2*z - 124 - 7*z. What is y(-7)?
-11
Let i(u) = u + 1. Suppose 13 = 5*x + 43. What is i(x)?
-5
Let t = 6 - 0. Let w(b) = -t*b + 0 - 2 + 1. Give w(1).
-7
Let z = -3 - -4. Let g be (3 + -6)*z/(-3). Let j(t) be the second derivative of 3*t**5/20 + t**4/12 - t**2/2 - t. Calculate j(g).
3
Let z(m) = -m**3 - 7*m**2 - 6*m - 1. Let x be (-6)/30 - (-58)/(-10). What is z(x)?
-1
Let h(g) = -5 - g - 5 + 4. Suppose 0 = -8*m - 45 + 5. Determine h(m).
-1
Let u(g) be the second derivative of -g**5/20 + 7*g**4/12 - 4*g**3/3 + 2*g**2 + 9*g. Calculate u(6).
-8
Let k(t) = t**3 - 4*t**2 - 7*t + 2. Let b = 47 - 42. Determine k(b).
-8
Let g(b) = b**2 + 13*b - 1. Let n be g(-13). Let o(q) = 7*q**3 + q**2 - q - 1. Let x be o(n). Let d(i) = -i**3 - 6*i**2 - 6. What is d(x)?
-6
Let w(z) be the third derivative of -z**4/12 + z**3/3 - 19*z**2. Let v = -7 + 12. What is w(v)?
-8
Let s(g) = -3*g**3 - 9*g**2 - 13*g - 1. Let f(p) = p**3 + 4*p**2 + 6*p + 1. Let m(b) = -5*f(b) - 2*s(b). Calculate m(-2).
-11
Let t(x) = -6*x - 4. Let z(s) = s + 1. Let f(p) = t(p) + 3*z(p). What is f(-1)?
2
Let o(r) be the first derivative of -r**2 + 7*r - 15. What is o(7)?
-7
Let h = -29 + 57. Suppose 20 = -r - 4*g, 4*r = -g - 2*g - h. Let d(c) be the third derivative of -c**5/60 - c**4/8 + 3*c**2. Calculate d(r).
-4
Let r(p) = -11*p**3 + p**2 + p. Let b = -90 + 89. Give r(b).
11
Let p(b) = 1 - 6*b**3 + 7*b**3 - 12*b**2 + 0*b**2 - 5*b + 8*b**2. Calculate p(5).
1
Let r(h) be the third derivative of -h**5/60 + h**4/3 + 4*h**3/3 - h**2. Let p be r(9). Let i(s) = 7*s**2 + 0 - s - 1 - s. Determine i(p).
8
Let y(n) = n**2 + 2*n + 3. Let m(q) = 3*q**2 + 6*q + 13. Let p(f) = -3*f**2 - 6*f - 12. Let h(s) = -3*m(s) - 4*p(s). Let x(c) = 2*h(c) - 7*y(c). What is x(-2)?
-3
Let x(b) = 6*b + 3*b - 3 + 2 + b**3 - 6 - 9*b**2. Let l be x(8). Let s(i) = -9*i + 1. Calculate s(l).
-8
Let t(a) = 5*a**2 + 7*a - 3. Let k(d) = -9*d**2 - 13*d + 5. Let o(q) = -4*k(q) - 7*t(q). Let c be o(-4). Let s(v) = v**2 - 5*v - 4. Determine s(c).
-4
Let j(v) = -v**2 + 4*v - 2. Let q = 8 + -1. Suppose q = 4*s - 8*l + 3*l, 3*s - l - 8 = 0. Give j(s).
1
Suppose 2*x + 15 = 3*f, -2*x + 2 = 4*f - 4. Let i(l) = -l + 2. Let y be i(f). Let j be (-1)/y*14/(-7). Let r(n) = 2*n. Determine r(j).
-4
Let f(o) be the third derivative of o**6/720 - o**5/60 - o**4/24 - 2*o**2. Let k(i) be the second derivative of f(i). Calculate k(-5).
-7
Let y(m) = -9*m**3 - 8*m**2 + 16 + 0 - 4 + 8*m**3 + 11*m. Determine y(-9).
-6
Let v(l) = -1 - 2*l**2 + 4*l**3 - 2*l**3 + 2*l + 0. Let r = 0 + 1. Give v(r).
1
Let n = -11 - -18. Suppose 0 = 4*b - n + 19. Let k(m) = 6*m - 4. Let r(d) = d - 1. Let p(c) = b*k(c) + 16*r(c). Determine p(-3).
2
Let w(q) be the first derivative of q**2/2 - 1. Suppose 0 = 7*r - 3*r - 48. Suppose h - 4 = 5*n + 5, 0 = -3*h + r. Determine w(n).
-1
Let d(t) = 2*t**2 - 3*t**2 - 2*t**2 - 5*t + 2*t**2 - 3. What is d(-3)?
3
Let b(z) = z + 113 - 111 + 2*z + 0*z. Calculate b(-3).
-7
Let g(y) = 5 + y**2 + 1 + 2*y + 4*y. Let j be (-16)/(-5)*15/3. Suppose j = -3*l + 2*f - f, -2*f + 28 = -5*l. What is g(l)?
-2
Let y(b) be the second derivative of b**3/6 - b**2 + 21*b. Determine y(2).
0
Let i(l) be the second derivative of l**4/12 - 7*l**3/6 + 3*l**2 - l. Let t = -8 - -13. Suppose -s + 3*q = -2*s - 5, -2*s + t = q. What is i(s)?
-6
Let a(u) = -u**2 - 7*u - 7. Let k be a(-5). Let p(h) = 2*h**2 + 5*h - h**2 - 1 - 4*h**3 + 3*h**k - h. What is p(3)?
-7
Let r be (5/2)/((-1)/2). Let g(b) = -b**2 - 4*b - 2. Give g(r).
-7
Let w(y) = y**3 - 2*y**2 + 2*y + 2. Let n(p) = 6*p + 52. Let l be n(-9). What is w(l)?
-18
Suppose 0 = -2*j - 3*y + 2*y + 7, 0 = y - 1. Suppose j*z - 7*z = 0. Let c(g) = -g - 9 + 0*g - 6 + 13. Determine c(z).
-2
Let s(y) = y + 4. Let j = 4 - 7. Give s(j).
1
Suppose -5 = -5*x - 3*k, 4*x + k + 0 = 11. Let g(c) = -2*c**2 + 5*c + 3. Calculate g(x).
-9
Suppose 2*o + 24 = -2*o. Let j(h) = -h**3 - 7*h**2 - 3*h + 5. Give j(o).
-13
Let g = 12 - 10. Let t(l) = l - 3. Determine t(g).
-1
Let m(z) = -z**2 - 5*z + 2. Let v be m(-5). Let j(d) = 1 + 6*d**3 + v*d**3 - d + 2*d**2 + 3*d. Give j(-1).
-7
Let q(u) = -3 - 1 - 3*u + 2*u. Let f(c) = -3*c + 3. Let r be f(2). Calculate q(r).
-1
Let i be ((-7)/(-7))/(2 + -3). Let v be i*-1*(1 - 0). Let c(z) = 2*z**2 + 7*z - 2. Let o(f) = f**2 + 4*f - 1. Let y(a) = 3*c(a) - 5*o(a). Determine y(v).
1
Let z(x) be the third derivative of -x**4/24 - x**3/3 + 9*x**2. Give z(-9).
7
Let a = 674 + -675. Let m be ((-2)/(-4))/(2/8). Let h(l) = l + 1 + 2*l**2 + l + 0*l**m + 7*l**3. Calculate h(a).
-6
Let c(h) = -h**3 - h**2 - h. Let u(o) be the second derivative of 3*o**5/20 + o**4/3 + 5*o**3/6 + o**2/2 + o. Let a(g) = 4*c(g) + u(g). Give a(-2).
7
Let b(x) be the first derivative of -7 + 0*x**2 - 1/3*x**3 - x. Calculate b(1).
-2
Let r(w) = 3 + 4 - 4 + w. Let f(h) = -h**2 - 13*h - 8. Let z be f(-12). Give r(z).
7
Let d(a) = -a - 3. Let r be d(-4). Let s = -10 + r. Let c(h) = -2*h - 3. Let w(x) = 4*x + 6. Let m(t) = s*c(t) - 4*w(t). Calculate m(-5).
-7
Let a(o) = -o**2 + 14*o - 28. Let n be a(12). Let j(y) = -3*y - 2. Determine j(n).
10
Let n(j) = -2*j + 1. Let z = 9 + -5. Let g = 11 - 0. Suppose -5*m + g = -a, -z*a + a + 7 = 5*m. What is n(m)?
-3
Suppose -5 = 4*s + a, 5 = -s - 5*a - 1. Let p be (-1 + 13)*s/(-3). Let i = p - 3. Let d(u) = 6*u**2 + 2*u - 1. Determine d(i).
7
Suppose 3*z - 24 = 2*t, 4*z - 6 = -t + 4. Let c(q) = q + 8. Give c(t).
2
Let i(t) = -t - 6*t + t**3 + 7*t + 17 + t**2. Determine i(0).
17
Let l = -7 + 3. Let o be (6 + 2)*l/8. Let r(j) = -j**3 - 4*j**2 + 2*j - 4. Give r(o).
-12
Let g(c) = c**3 - 4*c**2 - 6. Let v be g(5). Let p = -27 - -40. Let f = p - v. Let u(r) = r**2 + 8*r + 6. Calculate u(f).
-6
Let p be 6 - (1 - -1)/2. Let z(v) = 0*v - 6 - 3*v + 6*v + 5*v**2 - v**3 - v. Determine z(p).
4
Let z(h) = -h - 3*h + h**2 + 5*h - 4. Suppose 0*m - 2*m - 2*f + 4 = 0, f - 2 = 3*m. Determine z(m).
-4
Suppose 3*l = -0*l - 9. Let y(p) = -p**3 - 3*p**2 + 4*p + 4. What is y(l)?
-8
Suppose -h + 0*h = a + 3, 3 = -h + 5*a. Let c(y) = -y**3 - 3*y**2 - 3*y - 1. Give c(h).
8
Suppose 0*l - 16 = -4*l. Let i(y) = 4*y**2 - 3*y**2 + l*y**2 + 2 + y - 6*y**2. What is i(-2)?
-4
Let i(t) be the second derivative of -3*t + 1/6*t**3 + 0 + 1/2*t**2. What is i(4)?
5
Let c(f) = 9*f**2 - 2*f + 1. Let j(g) = g**3 - 12*g**2 + g - 11